 -f**3 - 6*f**2 - 2*f + 4. Determine z(-6).
16
Let a(g) = -g**2 + 6*g + 7. What is a(8)?
-9
Let u(z) = z - 1. Give u(-1).
-2
Let v(c) = 4*c + 6. Determine v(4).
22
Let q(w) = -w**3 - 6*w**2 + 3*w - 5. Determine q(-6).
-23
Let k(c) = c**2 + 28*c - 13. Give k(-25).
-88
Let d(h) = -h**2 - 4*h + 1. Give d(-7).
-20
Let q(o) = o**3 + 9*o**2 + 5*o + 4. What is q(-9)?
-41
Let b(a) = -2*a + 7. Give b(7).
-7
Let n(k) = 3*k**2 - 6*k - 3. Determine n(-2).
21
Let m(o) = -2*o**3 - 2*o**2 + 2*o + 3. Give m(-1).
1
Let d(j) = j**3 - 11*j**2 - 4*j + 9. What is d(11)?
-35
Let p(y) = -3*y**2 - 4*y + 6. Calculate p(4).
-58
Let m(g) = g - 10. What is m(-2)?
-12
Let s(h) = -h**3 - 6*h**2 + 5*h + 9. Calculate s(-7).
23
Let k(m) = 2*m - 15. Calculate k(0).
-15
Let u(h) = -h**3 - 11*h**2 - 19*h - 6. Calculate u(-9).
3
Let k(q) = q**3 - 15*q**2 - 16*q - 12. Calculate k(16).
-12
Let s(y) = 45*y + 314. Calculate s(-7).
-1
Let b(i) = -i**3 + 11*i**2 + 18*i - 76. What is b(12)?
-4
Let r(n) = n**3 - 3*n**2 + n + 2. Give r(2).
0
Let p(c) = -4*c - 56. Determine p(-10).
-16
Let c(n) = -2*n**2 - 17*n - 2. Give c(-7).
19
Let h(m) = m**3 + 9*m**2 + 9*m - 6. Determine h(-7).
29
Let q(u) = -20*u - 442. Determine q(-22).
-2
Let a(z) = z**3 - 18*z**2 + 38*z - 87. Determine a(16).
9
Let d(r) = -4*r - 3. Calculate d(2).
-11
Let l(i) = -i + 6. Determine l(0).
6
Let j(p) = 2*p**2 - 3*p - 61. What is j(-5)?
4
Let g(f) = 20*f**3 + f**2 + 2*f + 1. Determine g(-1).
-20
Let t(n) = -2*n**3 - 6*n**2. Determine t(-4).
32
Let t(i) = 19*i**2 + 118*i + 24. What is t(-6)?
0
Let m(r) = r**2 - 3*r - 4. Determine m(3).
-4
Let d(c) = -2*c**3 + 24*c**2 + 15*c + 27. Calculate d(12).
207
Let k(w) = -2*w - 15. What is k(-11)?
7
Let o(i) = -2*i**3 + 5*i**2 + 5*i - 5. Determine o(4).
-33
Let o(s) = s**2 + 14*s + 7. Give o(-12).
-17
Let k(m) = m - 17. What is k(22)?
5
Let x(w) = -111*w. Determine x(-1).
111
Let b(l) = l**3 - 10*l**2 + 8*l + 16. Calculate b(8).
-48
Let l(j) = 22*j + 24. Give l(1).
46
Let d(b) = b**2 + 7*b - 852. Give d(-33).
6
Let v(k) = -9*k - 5. Calculate v(-2).
13
Let d(o) = -28*o**3 + o - 2. Determine d(1).
-29
Let g(q) = q**2 + 5*q. Determine g(-6).
6
Let b(u) = u**2 - 5. Give b(4).
11
Let l(t) = t**2 - t - 4. Calculate l(-3).
8
Let z(w) = -4*w - 15. Determine z(-6).
9
Let h(s) = 3*s - 34. Give h(3).
-25
Let g(m) = 37*m - 140. What is g(4)?
8
Let y(o) = 2*o**2 + 4*o - 2. Give y(-4).
14
Let j(u) = -u + 11. Determine j(16).
-5
Let w(o) = -o**2 + 7*o - 8. Calculate w(3).
4
Let i(y) = -4*y - 4. What is i(-15)?
56
Let d(m) = m**2 + 28*m + 105. Determine d(-24).
9
Let p(t) = -t**3 + 5*t**2 + 3*t - 1. Calculate p(5).
14
Let q(d) = 5*d - 26. What is q(-2)?
-36
Let z(v) = 6*v - 201. Determine z(29).
-27
Let j(c) = -c**2 + 13*c - 30. Give j(13).
-30
Let z(f) = -f + 9. Calculate z(-18).
27
Let s(d) = d**3 + 10*d**2 - 3*d - 13. What is s(-10)?
17
Let a(y) = -2*y - 1. Give a(-11).
21
Let t(s) = 2*s**2 - 57*s + 76. Calculate t(27).
-5
Let w(r) = -r**3 - 8*r**2 + 13*r + 11. Determine w(-8).
-93
Let y(n) = -n**3 - n**2 - n - 1. Determine y(0).
-1
Let b(v) = 2*v + 1. Give b(-1).
-1
Let c(o) = o**2 + 6*o + 2. What is c(-13)?
93
Let o(x) = -3*x + 37. Determine o(11).
4
Let x(g) = g**3 + 9*g**2 + 7*g - 51. Determine x(-7).
-2
Let s(r) = -2*r - 33. What is s(-15)?
-3
Let j(z) = z**3 + 8*z**2 - 8*z - 3. Determine j(-9).
-12
Let f(d) = 4*d**2 + d + 1. What is f(-1)?
4
Let q(f) = -28*f. What is q(1)?
-28
Let h(m) = 2*m - 29. Give h(4).
-21
Let t(i) = i**2 - 14*i + 36. Calculate t(4).
-4
Let a(y) = -11*y - 2. Calculate a(-5).
53
Let z(h) = h**3 - h**2 + 1. Give z(3).
19
Let h(u) = 2*u + 10. Give h(-3).
4
Let x(l) = l - 8. Determine x(3).
-5
Let y(b) = -4*b**3 + 9*b**2 - 4*b. What is y(2)?
-4
Let y(f) = -7*f - 14. Give y(-3).
7
Let g(s) = -s**2 - 2*s - 17. Determine g(0).
-17
Let q(f) = -4*f - 9. Determine q(-7).
19
Let d(v) = v**2 + 5*v - 18. Determine d(-8).
6
Let j(q) = -12*q + 780. What is j(65)?
0
Let r(h) = h**3 - 5*h**2 - 8*h + 7. Determine r(5).
-33
Let g(c) = -7*c + 6. Give g(8).
-50
Let t(n) = 6*n - 10. Calculate t(2).
2
Let j(d) = -d**3 + 20*d**2 + 7. Determine j(20).
7
Let d(i) = i**3 + 19*i**2 - 16*i + 4. Give d(-20).
-76
Let o(d) = -35*d - 180. Calculate o(-5).
-5
Let x(i) = -i + 7. What is x(9)?
-2
Let c(a) = 34*a + 787. Calculate c(-23).
5
Let n(r) = -r**3 - 5*r**2 - r - 2. Calculate n(-5).
3
Let q(f) = -f**3 + 10*f**2 + 11*f - 8. Calculate q(11).
-8
Let o(k) = -4*k - 29. Give o(-6).
-5
Let r(x) = -x**3 - 5*x**2 - 3*x + 12. What is r(-4)?
8
Let z(t) = -t**3 + 4*t**2 + 13*t - 19. Give z(6).
-13
Let z(f) = 22*f - 29. What is z(4)?
59
Let y(r) = 11*r**2 + 19*r. Give y(-2).
6
Let h(u) = 4*u - 16. Calculate h(-5).
-36
Let k(m) = m**2 - 13*m - 2. What is k(12)?
-14
Let z(c) = -c**2 + 10*c + 4. What is z(10)?
4
Let l(n) = n**2 + 5*n + 2. What is l(-5)?
2
Let m(t) = -t. What is m(-1)?
1
Let h(x) = -x**3 + 46*x**2 + 253*x + 96. Determine h(51).
-6
Let v(i) = 7*i**2 + 20*i + 17. Calculate v(-1).
4
Let l(f) = -f**3 - 4*f**2 - 3*f - 2. Give l(-4).
10
Let i(y) = -7*y - 58. What is i(-9)?
5
Let w(j) = -j**3 - j**2 + 3*j - 4. What is w(-3)?
5
Let p(z) = 2*z**3 + 3*z**2 - 4*z - 6. Give p(-2).
-2
Let h(g) = 4*g - 89. Give h(23).
3
Let m(s) = -s**3 - 8*s**2 - 16*s - 50. Give m(-5).
-45
Let o(q) = q**2 - 3*q + 5. Determine o(2).
3
Let b(s) = -s**2 - 12*s - 17. What is b(-11)?
-6
Let k(p) = 2*p**2 - 12*p + 25. Give k(6).
25
Let o(f) = f**3 + 7*f**2 - 8*f + 1. Calculate o(-8).
1
Let s(a) = a**2 + 6*a - 22. Determine s(-9).
5
Let d(s) = 10*s - 23. What is d(8)?
57
Let s(m) = 3*m**2 + 22*m - 20. Give s(-6).
-44
Let p(q) = -q**2 + 2*q + 1. What is p(-4)?
-23
Let n(k) = -k**2 - 73*k + 651. What is n(-81)?
3
Let p(h) = -4*h**2 + 111*h + 141. Give p(29).
-4
Let i(u) = 16*u**3 - 193*u**2 + 10*u + 18. Calculate i(12).
-6
Let u(z) = -3*z**3 + 14*z**2 - 4*z + 1. Determine u(3).
34
Let o(t) = -80*t + 2. What is o(-1)?
82
Let z(r) = 3*r**3 + r**2 + 2*r - 1. Calculate z(1).
5
Let d(j) = 2*j**2 + j + 3. Give d(-3).
18
Let o(b) = -b**2 + b - 1. Give o(0).
-1
Let r(t) = t**3 + 58*t**2 + 5*t + 297. Give r(-58).
7
Let h(s) = s**2 - 2*s - 1. What is h(-3)?
14
Let y(v) = -v**2 + 18*v - 57. What is y(9)?
24
Let s(r) = 101*r + 5. Give s(-1).
-96
Let s(v) = -v**2 - 26*v - 138. Determine s(-19).
-5
Let z(d) = 2*d - 56. Give z(26).
-4
Let h(j) = -j + 13. Determine h(11).
2
Let d(k) = -41*k**2 + k. Calculate d(1).
-40
Let n(v) = -2*v**3 - 3*v - 5. Determine n(0).
-5
Let d(j) = -j + 9. Give d(-4).
13
Let p(s) = -21*s - 2. Give p(1).
-23
Let q(w) = -34*w + 1. What is q(2)?
-67
Let a(w) = w**3 + 7*w**2 - 8*w + 11. Calculate a(-8).
11
Let q(c) = -c**3 + 3*c**2 + 5*c - 12. Determine q(4).
-8
Let h(g) = 16*g + 231. Give h(-14).
7
Let m(y) = -y - 5. Calculate m(2).
-7
Let n(v) = 26*v + 109. Calculate n(-4).
5
Let q(x) = 28*x - 4. Give q(-2).
-60
Let y(k) = -k**2 - 5*k + 10. Determine y(4).
-26
Let x(a) = 7*a**2 + 62*a + 1. Calculate x(-9).
10
Let r(n) = -n**2 - 11*n - 31. Determine r(-8).
-7
Let f(h) = h**3 + h**2 - 3*h - 25. Determine f(0).
-25
Let b(z) = z**3 + 12*z**2 - 29*z - 8. Calculate b(-14).
6
Let o(j) = -2*j**2 - 5*j - 6. Give o(-5).
-31
Let p(t) = t**2 - 22*t + 114. Determine p(12).
-6
Let v(u) = 6*u + 29. Determine v(2).
41
Let r(h) = h**2 - 16*h + 45. Give r(9).
-18
Let x(o) = -o**3 - 4*o**2 + 6*o + 1. Calculate x(-5).
-4
Let o(b) = -b**2 + 26*b + 19. Give o(14).
187
Let t(f) = -f - 12. What is t(-9)?
-3
Let x(r) = -r**2 + 10*r - 19. Determine x(8).
-3
Let d(b) = 2*b + 5. Calculate d(-2).
1
Let q(x) = x**3 - x**2 - 9*x - 3. What is q(4)?
9
Let i(h) = -h**2 - 7. Calculate i(0).
-7
Let x(o) = -o**3 + 5*o**2 + 9*o - 12. Give x(5).
33
Let k(v) = -2*v + 59. Give k(21).
17
Let l(r) = 5*r**2 + 9*r - 3. Calculate l(-4).
41
Let w(i) = -2*i**2 - 43*i - 57. Give w(-18).
69
Let f(u) = 18*u**3 - 2*u**2 - u + 2. Calculate f(1).
17
Let i(h) = -2*h**2 - 1. Determine i(-2).
-9
Let g(d) = 32*d**2 - d. Determine g(1).
31
Let p(j) = j**3 - 18*j**2 + 78*j + 21. Determine p(10).
1
Let p(a) = a + 2. Determine p(3).
5
Let q(u) = u**3 - 23*u**2 + 13. What is q(23)?
13
Let k(h) = -8*h + 12. Calculate k(-5).
52
Let f(p) = -6*p - 28. Calculate f(-8).
20
Let o(y) = -16*y + 115. Give o(8).
-13
Let k(p) = -p**2 + p - 1. What is k(1)?
-1
Let o(g) = -47*g + 2. Determi